{"id":31,"date":"2013-09-09T09:34:25","date_gmt":"2013-09-09T08:34:25","guid":{"rendered":"https:\/\/escofetasociados.com\/web\/?page_id=31"},"modified":"2020-04-18T19:43:36","modified_gmt":"2020-04-18T17:43:36","slug":"contacto","status":"publish","type":"page","link":"https:\/\/www.escofetasociados.com\/web\/contacto\/","title":{"rendered":"<!--:en-->Contact<!--:--><!--:es-->Contacto<!--:-->"},"content":{"rendered":"\n<div data-map-provider=\"mapbox\" data-api-key=\"pk.eyJ1IjoiZXNjb2ZldCIsImEiOiJjazhjdTliNjUwNGx2M21wZzRxcHV4YzYzIn0.PpetF61qNyrzyXhUxh3qxQ\" class=\"wp-block-jetpack-map\" data-map-style=\"default\" data-map-details=\"true\" data-points=\"[{&quot;placeTitle&quot;:&quot;Avinguda Diagonal&quot;,&quot;title&quot;:&quot;Avinguda Diagonal&quot;,&quot;caption&quot;:&quot;Avinguda Diagonal 484, 08006 Barcelona, Barcelona, Spain&quot;,&quot;id&quot;:&quot;address.1629318310&quot;,&quot;coordinates&quot;:{&quot;longitude&quot;:2.154992,&quot;latitude&quot;:41.395848}}]\" data-zoom=\"13\" data-map-center=\"{&quot;lng&quot;:2.154992,&quot;lat&quot;:41.395848}\" data-marker-color=\"#cf2e2e\" data-show-fullscreen-button=\"true\"><ul><li><a href=\"https:\/\/www.google.com\/maps\/search\/?api=1&amp;query=41.395848,2.154992\">Avinguda Diagonal<\/a><\/li><\/ul><\/div>\n\n\n\n<p> AVDA. DIAGONAL, 484 3\u00ba 1\u00aa,  BARCELONA,&nbsp; 08006,&nbsp; Spain <\/p>\n\n\n\n<div style=\"height:80px\" aria-hidden=\"true\" class=\"wp-block-spacer\"><\/div>\n\n\n<div class=\"wp-block-jetpack-contact-form is-layout-flex wp-container-jetpack-contact-form-is-layout-2b4208ba wp-block-jetpack-contact-form-is-layout-flex\"><a href=\"https:\/\/www.escofetasociados.com\/web\/contacto\/\" target=\"_blank\" rel=\"noopener noreferrer\">Env\u00eda un formulario.<\/a><\/div>","protected":false},"excerpt":{"rendered":"<p>AVDA. DIAGONAL, 484 3\u00ba 1\u00aa, BARCELONA,&nbsp; 08006,&nbsp; Spain<\/p>\n","protected":false},"author":2,"featured_media":0,"parent":0,"menu_order":50,"comment_status":"closed","ping_status":"closed","template":"","meta":{"footnotes":""},"class_list":["post-31","page","type-page","status-publish","hentry"],"yoast_head":"<!-- This site is optimized with the Yoast SEO plugin v27.2 - https:\/\/yoast.com\/product\/yoast-seo-wordpress\/ -->\n<title>Contacto - Escofet Asociados<\/title>\n<meta name=\"description\" content=\"Nuestro despacho est\u00e1 integrado por un conjunto multidisciplinar de profesionales con una alta cualificaci\u00f3n t\u00e9cnica que ponemos a su disposici\u00f3n.\" \/>\n<meta name=\"robots\" content=\"index, follow, max-snippet:-1, max-image-preview:large, max-video-preview:-1\" \/>\n<link rel=\"canonical\" href=\"https:\/\/www.escofetasociados.com\/web\/contacto\/\" \/>\n<meta property=\"og:locale\" content=\"es_ES\" \/>\n<meta property=\"og:type\" content=\"article\" \/>\n<meta property=\"og:title\" content=\"Contacto - Escofet Asociados\" \/>\n<meta property=\"og:description\" content=\"Nuestro despacho est\u00e1 integrado por un conjunto multidisciplinar de profesionales con una alta cualificaci\u00f3n t\u00e9cnica que ponemos a su disposici\u00f3n.\" \/>\n<meta property=\"og:url\" content=\"https:\/\/www.escofetasociados.com\/web\/contacto\/\" \/>\n<meta property=\"og:site_name\" content=\"Escofet Asociados\" \/>\n<meta property=\"article:modified_time\" content=\"2020-04-18T17:43:36+00:00\" \/>\n<meta name=\"twitter:card\" content=\"summary_large_image\" \/>\n<script type=\"application\/ld+json\" class=\"yoast-schema-graph\">{\"@context\":\"https:\/\/schema.org\",\"@graph\":[{\"@type\":\"WebPage\",\"@id\":\"https:\/\/www.escofetasociados.com\/web\/contacto\/\",\"url\":\"https:\/\/www.escofetasociados.com\/web\/contacto\/\",\"name\":\"Contacto - Escofet Asociados\",\"isPartOf\":{\"@id\":\"https:\/\/www.escofetasociados.com\/web\/#website\"},\"datePublished\":\"2013-09-09T08:34:25+00:00\",\"dateModified\":\"2020-04-18T17:43:36+00:00\",\"description\":\"Nuestro despacho est\u00e1 integrado por un conjunto multidisciplinar de profesionales con una alta cualificaci\u00f3n t\u00e9cnica que ponemos a su disposici\u00f3n.\",\"breadcrumb\":{\"@id\":\"https:\/\/www.escofetasociados.com\/web\/contacto\/#breadcrumb\"},\"inLanguage\":\"es\",\"potentialAction\":[{\"@type\":\"ReadAction\",\"target\":[\"https:\/\/www.escofetasociados.com\/web\/contacto\/\"]}]},{\"@type\":\"BreadcrumbList\",\"@id\":\"https:\/\/www.escofetasociados.com\/web\/contacto\/#breadcrumb\",\"itemListElement\":[{\"@type\":\"ListItem\",\"position\":1,\"name\":\"Portada\",\"item\":\"https:\/\/www.escofetasociados.com\/web\/\"},{\"@type\":\"ListItem\",\"position\":2,\"name\":\"ContactContacto\"}]},{\"@type\":\"WebSite\",\"@id\":\"https:\/\/www.escofetasociados.com\/web\/#website\",\"url\":\"https:\/\/www.escofetasociados.com\/web\/\",\"name\":\"Escofet Asociados\",\"description\":\"+asociados\",\"publisher\":{\"@id\":\"https:\/\/www.escofetasociados.com\/web\/#organization\"},\"potentialAction\":[{\"@type\":\"SearchAction\",\"target\":{\"@type\":\"EntryPoint\",\"urlTemplate\":\"https:\/\/www.escofetasociados.com\/web\/?s={search_term_string}\"},\"query-input\":{\"@type\":\"PropertyValueSpecification\",\"valueRequired\":true,\"valueName\":\"search_term_string\"}}],\"inLanguage\":\"es\"},{\"@type\":\"Organization\",\"@id\":\"https:\/\/www.escofetasociados.com\/web\/#organization\",\"name\":\"Escofet Asociados\",\"url\":\"https:\/\/www.escofetasociados.com\/web\/\",\"logo\":{\"@type\":\"ImageObject\",\"inLanguage\":\"es\",\"@id\":\"https:\/\/www.escofetasociados.com\/web\/#\/schema\/logo\/image\/\",\"url\":\"https:\/\/i0.wp.com\/www.escofetasociados.com\/web\/wp-content\/uploads\/2013\/10\/logop1.jpg?fit=100%2C170&ssl=1\",\"contentUrl\":\"https:\/\/i0.wp.com\/www.escofetasociados.com\/web\/wp-content\/uploads\/2013\/10\/logop1.jpg?fit=100%2C170&ssl=1\",\"width\":100,\"height\":170,\"caption\":\"Escofet Asociados\"},\"image\":{\"@id\":\"https:\/\/www.escofetasociados.com\/web\/#\/schema\/logo\/image\/\"}}]}<\/script>\n<!-- \/ Yoast SEO plugin. -->","yoast_head_json":{"title":"Contacto - Escofet Asociados","description":"Nuestro despacho est\u00e1 integrado por un conjunto multidisciplinar de profesionales con una alta cualificaci\u00f3n t\u00e9cnica que ponemos a su disposici\u00f3n.","robots":{"index":"index","follow":"follow","max-snippet":"max-snippet:-1","max-image-preview":"max-image-preview:large","max-video-preview":"max-video-preview:-1"},"canonical":"https:\/\/www.escofetasociados.com\/web\/contacto\/","og_locale":"es_ES","og_type":"article","og_title":"Contacto - Escofet Asociados","og_description":"Nuestro despacho est\u00e1 integrado por un conjunto multidisciplinar de profesionales con una alta cualificaci\u00f3n t\u00e9cnica que ponemos a su disposici\u00f3n.","og_url":"https:\/\/www.escofetasociados.com\/web\/contacto\/","og_site_name":"Escofet Asociados","article_modified_time":"2020-04-18T17:43:36+00:00","twitter_card":"summary_large_image","schema":{"@context":"https:\/\/schema.org","@graph":[{"@type":"WebPage","@id":"https:\/\/www.escofetasociados.com\/web\/contacto\/","url":"https:\/\/www.escofetasociados.com\/web\/contacto\/","name":"Contacto - Escofet Asociados","isPartOf":{"@id":"https:\/\/www.escofetasociados.com\/web\/#website"},"datePublished":"2013-09-09T08:34:25+00:00","dateModified":"2020-04-18T17:43:36+00:00","description":"Nuestro despacho est\u00e1 integrado por un conjunto multidisciplinar de profesionales con una alta cualificaci\u00f3n t\u00e9cnica que ponemos a su disposici\u00f3n.","breadcrumb":{"@id":"https:\/\/www.escofetasociados.com\/web\/contacto\/#breadcrumb"},"inLanguage":"es","potentialAction":[{"@type":"ReadAction","target":["https:\/\/www.escofetasociados.com\/web\/contacto\/"]}]},{"@type":"BreadcrumbList","@id":"https:\/\/www.escofetasociados.com\/web\/contacto\/#breadcrumb","itemListElement":[{"@type":"ListItem","position":1,"name":"Portada","item":"https:\/\/www.escofetasociados.com\/web\/"},{"@type":"ListItem","position":2,"name":"ContactContacto"}]},{"@type":"WebSite","@id":"https:\/\/www.escofetasociados.com\/web\/#website","url":"https:\/\/www.escofetasociados.com\/web\/","name":"Escofet Asociados","description":"+asociados","publisher":{"@id":"https:\/\/www.escofetasociados.com\/web\/#organization"},"potentialAction":[{"@type":"SearchAction","target":{"@type":"EntryPoint","urlTemplate":"https:\/\/www.escofetasociados.com\/web\/?s={search_term_string}"},"query-input":{"@type":"PropertyValueSpecification","valueRequired":true,"valueName":"search_term_string"}}],"inLanguage":"es"},{"@type":"Organization","@id":"https:\/\/www.escofetasociados.com\/web\/#organization","name":"Escofet Asociados","url":"https:\/\/www.escofetasociados.com\/web\/","logo":{"@type":"ImageObject","inLanguage":"es","@id":"https:\/\/www.escofetasociados.com\/web\/#\/schema\/logo\/image\/","url":"https:\/\/i0.wp.com\/www.escofetasociados.com\/web\/wp-content\/uploads\/2013\/10\/logop1.jpg?fit=100%2C170&ssl=1","contentUrl":"https:\/\/i0.wp.com\/www.escofetasociados.com\/web\/wp-content\/uploads\/2013\/10\/logop1.jpg?fit=100%2C170&ssl=1","width":100,"height":170,"caption":"Escofet Asociados"},"image":{"@id":"https:\/\/www.escofetasociados.com\/web\/#\/schema\/logo\/image\/"}}]}},"jetpack_sharing_enabled":true,"_links":{"self":[{"href":"https:\/\/www.escofetasociados.com\/web\/wp-json\/wp\/v2\/pages\/31","targetHints":{"allow":["GET"]}}],"collection":[{"href":"https:\/\/www.escofetasociados.com\/web\/wp-json\/wp\/v2\/pages"}],"about":[{"href":"https:\/\/www.escofetasociados.com\/web\/wp-json\/wp\/v2\/types\/page"}],"author":[{"embeddable":true,"href":"https:\/\/www.escofetasociados.com\/web\/wp-json\/wp\/v2\/users\/2"}],"replies":[{"embeddable":true,"href":"https:\/\/www.escofetasociados.com\/web\/wp-json\/wp\/v2\/comments?post=31"}],"version-history":[{"count":15,"href":"https:\/\/www.escofetasociados.com\/web\/wp-json\/wp\/v2\/pages\/31\/revisions"}],"predecessor-version":[{"id":404,"href":"https:\/\/www.escofetasociados.com\/web\/wp-json\/wp\/v2\/pages\/31\/revisions\/404"}],"wp:attachment":[{"href":"https:\/\/www.escofetasociados.com\/web\/wp-json\/wp\/v2\/media?parent=31"}],"curies":[{"name":"wp","href":"https:\/\/api.w.org\/{rel}","templated":true}]}}